11, what is -2 - -11013a180?
11013a179
In base 6, what is 31 - -22121333?
22121404
In base 3, what is 21112 + -2211201222?
-2211110110
In base 7, what is -1142 + 22601?
21426
In base 2, what is 100001101000000000100011010 + 110?
100001101000000000100100000
In base 9, what is -247768485 - 3?
-247768488
In base 2, what is 1 - 1111111011000100101101100101?
-1111111011000100101101100100
In base 14, what is -7ad3 + 203?
-78d0
In base 8, what is 101272261 - 17?
101272242
In base 5, what is -4202422031 + -12?
-4202422043
In base 10, what is -356317 + 3?
-356314
In base 4, what is -313 - -11130013?
11123100
In base 10, what is -57094 - -1289?
-55805
In base 11, what is -1 + 3994105?
3994104
In base 10, what is 5 - 392294?
-392289
In base 11, what is -3 - 53476143?
-53476146
In base 14, what is 4 - 507469?
-507465
In base 12, what is -119a602 + -156?
-119a758
In base 11, what is -191 - -1750a7?
174a16
In base 16, what is 77 + -3673de?
-367367
In base 7, what is 32550666 + -2?
32550664
In base 3, what is 1222110220020000012 + -1?
1222110220020000011
In base 8, what is 1037 - 51730?
-50671
In base 6, what is -4 + -131534434?
-131534442
In base 15, what is -68 - -39a30?
399b7
In base 5, what is -4344211400 + -10?
-4344211410
In base 16, what is -6f38cc - 4?
-6f38d0
In base 8, what is -5 - 433254415?
-433254422
In base 9, what is 376 - 815072?
-814585
In base 16, what is -b70 + -3a1b?
-458b
In base 3, what is -10 - -2102022212020201?
2102022212020121
In base 14, what is bdc0 - -415b?
1213b
In base 10, what is 48 + -2328573?
-2328525
In base 10, what is -19866405 - -21?
-19866384
In base 12, what is 2154a752 + 4?
2154a756
In base 10, what is 5613 + -117?
5496
In base 2, what is 11010001010001000 + 101001?
11010001010110001
In base 3, what is -101121020001 - -1111000?
-101112202001
In base 3, what is -20212101121 - 2111?
-20212111002
In base 13, what is 11b3 + 125?
1308
In base 7, what is 32644541 - 5?
32644533
In base 12, what is -281a93589 - -4?
-281a93585
In base 7, what is -1114 - 540511?
-541625
In base 2, what is -10010110110011010101 - 11101?
-10010110110011110010
In base 11, what is 348559 - -41?
34859a
In base 2, what is -10 + 10111101000111010100000?
10111101000111010011110
In base 2, what is 11101 - -11110110010101100?
11110110011001001
In base 8, what is 65056751 + -4?
65056745
In base 14, what is 33 - 2671a?
-266c7
In base 7, what is -11004 - 5234?
-16241
In base 5, what is 34344411 + -24?
34344332
In base 11, what is 1719 - -4462?
6080
In base 16, what is -384 + -20367?
-206eb
In base 5, what is -1004 - -3300233?
3244224
In base 16, what is 27aa - -7?
27b1
In base 8, what is -435 + 27140?
26503
In base 7, what is 34 + -6320323?
-6320256
In base 2, what is 10000111000100111100001101000 - 0?
10000111000100111100001101000
In base 7, what is -6 + 1211446250?
1211446241
In base 9, what is 0 - 44171151?
-44171151
In base 2, what is -110100 + 10010110011110110000?
10010110011101111100
In base 7, what is -24545 + -1144?
-26022
In base 16, what is -1e398ab + -3?
-1e398ae
In base 14, what is -13d7c8d8 + -2?
-13d7c8da
In base 4, what is -11 + 223130302010?
223130301333
In base 13, what is 5 + 8bcc2c9?
8bcc301
In base 10, what is 389 - 1651?
-1262
In base 16, what is 4 + -88c56?
-88c52
In base 4, what is 212320131 + 1333?
212322130
In base 5, what is -1314100 - -232?
-1313313
In base 12, what is -a2a67 - -1b?
-a2a48
In base 14, what is b611 + -109?
b506
In base 3, what is -1011112110 - -10102?
-1011102001
In base 9, what is -18513113 - -6?
-18513106
In base 9, what is -2 - 666504377?
-666504380
In base 11, what is -15175 + 1077?
-140a9
In base 15, what is -2b8 - 1058?
-1321
In base 3, what is 2112 - -22221020020?
22221022202
In base 11, what is -82a - -14a0?
771
In base 5, what is 112433 + 13?
113001
In base 15, what is -14 + -40a360?
-40a374
In base 10, what is 9487 - 13834?
-4347
In base 13, what is 1237 - 6516?
-52ac
In base 16, what is c594cfc - -2?
c594cfe
In base 4, what is -13133333 + 2323?
-13131010
In base 3, what is -11 - -220121201200?
220121201112
In base 6, what is 45413 + 54312?
144125
In base 7, what is -2664 - 26254?
-32251
In base 4, what is 1013203220211 - -11?
1013203220222
In base 9, what is 552 - 28240?
-27577
In base 11, what is -2a71aa5 - 0?
-2a71aa5
In base 16, what is -304 - ccc42?
-ccf46
In base 16, what is 9c36543 - 0?
9c36543
In base 6, what is 23402124 + 100?
23402224
In base 13, what is -3185 - 7a5?
-395a
In base 13, what is b53b + 10b?
b649
In base 16, what is -1e - -32e62?
32e44
In base 2, what is -1010 - 11100110110000011010011111?
-11100110110000011010101001
In base 8, what is 67 + -73506347?
-73506260
In base 8, what is -3070701 + -1176?
-3072077
In base 13, what is 0 + 76b917?
76b917
In base 5, what is -1123 + -122040?
-123213
In base 7, what is 20623344 + 16?
20623363
In base 6, what is 552 + -34245253?
-34244301
In base 15, what is -4a12d + b2?
-4a06b
In base 11, what is -24472278 + -1?
-24472279
In base 6, what is 2 - 23343?
-23341
In base 5, what is -2 - 2224110200?
-2224110202
In base 11, what is 144864 - -15?
144879
In base 2, what is -11111100100 + -1001100111101000?
-1010000111001100
In base 8, what is -24 - -22355634?
22355610
In base 11, what is 1222633 + 15?
1222648
In base 12, what is 104791 - 3b3?
10439a
In base 4, what is 0 + 100011022230?
100011022230
In base 3, what is -10 + 11111022220220?
11111022220210
In base 5, what is 31020232213 + 3?
31020232221
In base 6, what is -500232 + -32?
-500304
In base 6, what is 35 - 140205111?
-140205032
In base 13, what is -28 - 6ac4a47?
-6ac4a72
In base 3, what is -222000122 + 11111221?
-210111201
In base 12, what is -2a9 + 93a02?
93715
In base 15, what is -3d52e8 - 127?
-3d5420
In base 5, what is -134203233 - -1301?
-134201432
In base 15, what is -4 - -7a92d3?
7a92ce
In base 13, what is 17 - -261035?
26104c
In base 3, what is 12 + -12110021212201?
-12110021212112
In base 15, what is -3 - b1d964?
-b1d967
In base 7, what is -1416 - 544450?
-546166
In base 11, what is 842a99 + -119?
842980
In base 7, what is 400 + -56162?
-55462
In base 14, what is -1ac - 9cd8?
-a0a6
In base 7, what is 0 + 333153460?
333153460
In base 7, what is 2 - 13456263?
-13456261
In base 3, what is -1111121001210220 - -11?
-1111121001210202
In base 11, what is -1553a495 + 1?
-1553a494
In base 9, what is -183056 - 38?
-183105
In base 9, what is 163457 - 314?
163143
In base 8, what is 10601 - -711410?
722211
In base 8, what is 154650324 - 15?
154650307
In base 10, what is -5 - 48705388?
-48705393
In base 11, what is 341365 + -67?
3412a9
In base 15, what is 0 - -e401638?
e401638
In base 8, what is -3046 + 63354?
60306
In base 10, what is 10656 + -752?
9904
In base 12, what is 21 - -14ab173?
14ab194
In base 8, what is -1 - -21471747?
21471746
In base 15, what is -224c + 26b?
-1ed1
In base 5, what is -12302 - 4234233?
-4302040
In base 16, what is 2c2d23d - 1?
2c2d23c
In base 11, what is 2 + -17a8689?
-17a8687
In base 6, what is -32351 + 2110502?
2034111
In base 9, what is 0 - 131382164?
-131382164
In base 7, what is -4321 + 6350?
2026
In base 3, what is 1 - -1122222210020?
1122222210021
In base 16, what is 379def + 1?
379df0
In base 14, what is 46 - -567220?
567266
In base 13, what is -9c5 - -8548?
7853
In base 6, what is -4224 - -143504?
135240
In base 2, what is -1110001100 + -100001001000?
-101111010100
In base 10, what is 39381 - -1431?
40812
In base 10, what is 13811 + 1308?
15119
In base 9, what is 16866337 - 0?
16866337
In base 9, what is -234 - -81284?
81050
In base 3, what is 10211002002112 - 111?
10211002002001
In base 3, what is 2 + 102020022120112121?
102020022120112200
In base 13, what is bc4a7b + -19?
bc4a62
In base 12, what is 34 + -1758219?
-17581a5
In base 14, what is -2a4dbc8 + -1?
-2a4dbc9
In base 5, what is 10 - 422333414?
-422333404
In base 4, what is 22 + 2013031000001?
2013031000023
In base 7, what is 16 - 104152?
-104133
In base 14, what is -6ad + 10d?
-5a0
In base 15, what is -23096 + -43c?
-234d3
In base 6, what is -1543532 + -154?
-1544130
In base 11, what is 89598374 - 2?
89598372
In base 10, what is 1938338 + 115?
1938453
In base 5, what is -42402100401 - -1?
-42402100400
In base 6, what is -203415 - 50?
-203505
In base 14, what is 1139 + -2941b?
-282c2
In base 6, what 